{"id":1936,"date":"2022-04-01T12:08:24","date_gmt":"2022-04-01T10:08:24","guid":{"rendered":"https:\/\/lesnegocialesprofessionnels.com\/?page_id=1936"},"modified":"2022-04-01T15:00:50","modified_gmt":"2022-04-01T13:00:50","slug":"emmanuel-esteban-2","status":"publish","type":"page","link":"https:\/\/lesnegocialesprofessionnels.com\/index.php\/emmanuel-esteban-2\/","title":{"rendered":"Emmanuel ESTEBAN"},"content":{"rendered":"<div data-colibri-id=\"1936-c1\" class=\"style-1578 style-local-1936-c1 position-relative\">\n  <!---->\n  <div data-colibri-component=\"section\" data-colibri-id=\"1936-c6\" id=\"content\" class=\"h-section h-section-global-spacing d-flex align-items-lg-center align-items-md-center align-items-center style-1583 style-local-1936-c6 h-overflow-hidden position-relative\">\n    <!---->\n    <!---->\n    <div class=\"h-section-grid-container h-section-fluid-container\">\n      <!---->\n      <div data-colibri-id=\"1936-c7\" class=\"h-row-container gutters-row-lg-0 gutters-row-md-0 gutters-row-2 gutters-row-v-lg-0 gutters-row-v-md-0 gutters-row-v-2 style-1584 style-local-1936-c7 position-relative\">\n        <!---->\n        <div class=\"h-row justify-content-lg-center justify-content-md-center justify-content-center align-items-lg-stretch align-items-md-stretch align-items-stretch gutters-col-lg-0 gutters-col-md-0 gutters-col-2 gutters-col-v-lg-0 gutters-col-v-md-0 gutters-col-v-2\">\n          <!---->\n          <div class=\"h-column h-column-container d-flex h-col-lg-auto h-col-md-auto h-col-auto style-1585-outer style-local-1936-c8-outer\">\n            <div data-colibri-id=\"1936-c8\" class=\"d-flex h-flex-basis h-column__inner h-ui-empty-state-container h-px-lg-0 h-px-md-0 h-px-0 v-inner-lg-0 v-inner-md-0 v-inner-0 style-1585 style-local-1936-c8 position-relative\">\n              <!---->\n              <!---->\n              <div class=\"w-100 h-y-container h-column__content h-column__v-align flex-basis-100\">\n                <!---->\n              <\/div>\n            <\/div>\n          <\/div>\n          <div class=\"h-column h-column-container d-flex h-col-lg-auto h-col-md-auto h-col-auto style-1586-outer style-local-1936-c9-outer\">\n            <div data-colibri-id=\"1936-c9\" class=\"d-flex h-flex-basis h-column__inner h-px-lg-0 h-px-md-0 h-px-0 v-inner-lg-0 v-inner-md-0 v-inner-0 style-1586 style-local-1936-c9 position-relative\">\n              <!---->\n              <!---->\n              <div class=\"w-100 h-y-container h-column__content h-column__v-align flex-basis-100 align-self-lg-start align-self-md-start align-self-start\">\n                <!---->\n                <div data-colibri-id=\"1936-c10\" class=\"h-global-transition-all h-heading style-1587 style-local-1936-c10 position-relative h-element\">\n                  <!---->\n                  <div class=\"h-heading__outer style-1587 style-local-1936-c10\">\n                    <!---->\n                    <!---->\n                    <h4 class=\"\">quatri\u00e8me finaliste et premier des phases qualificatives<\/h4>\n                  <\/div>\n                <\/div>\n                <div data-colibri-id=\"1936-c11\" class=\"h-global-transition-all h-heading style-1588 style-local-1936-c11 position-relative h-element\">\n                  <!---->\n                  <div class=\"h-heading__outer style-1588 style-local-1936-c11\">\n                    <!---->\n                    <!---->\n                    <h2 class=\"\">Emmanuel ESTEBAN<\/h2>\n                  <\/div>\n                <\/div>\n                <div data-colibri-id=\"1936-c12\" class=\"h-text h-text-component style-1589 style-local-1936-c12 position-relative h-element\">\n                  <!---->\n                  <!---->\n                  <div class=\"\">\n                    <p><span style=\"color: rgba(0, 0, 0, 0.9); font-family: -apple-system, system-ui, BlinkMacSystemFont, &quot;Segoe UI&quot;, Roboto, &quot;Helvetica Neue&quot;, &quot;Fira Sans&quot;, Ubuntu, Oxygen, &quot;Oxygen Sans&quot;, Cantarell, &quot;Droid Sans&quot;, &quot;Apple Color Emoji&quot;, &quot;Segoe UI Emoji&quot;, &quot;Segoe UI Emoji&quot;, &quot;Segoe UI Symbol&quot;, &quot;Lucida Grande&quot;, Helvetica, Arial, sans-serif; font-size: 14px; font-weight: 400;\">Emmanuel a d\u00e9but\u00e9 son parcours \u00e9tudiant dans un programme de masters Grandes Ecoles \u00e0 Montpellier en alternance chez LVMH. Il a ensuite poursuivi sa carri\u00e8re chez Dyson avant d&rsquo;int\u00e9grer l&rsquo;entreprise Petit Forestier o\u00f9 il a su d\u00e9velopper sa carri\u00e8re comme directeur de site pendant 18 mois, dont 4 \u00e0 Dublin.<\/span><\/p>\n                    <p><span style=\"color: rgba(0, 0, 0, 0.9); font-family: -apple-system, system-ui, BlinkMacSystemFont, &quot;Segoe UI&quot;, Roboto, &quot;Helvetica Neue&quot;, &quot;Fira Sans&quot;, Ubuntu, Oxygen, &quot;Oxygen Sans&quot;, Cantarell, &quot;Droid Sans&quot;, &quot;Apple Color Emoji&quot;, &quot;Segoe UI Emoji&quot;, &quot;Segoe UI Emoji&quot;, &quot;Segoe UI Symbol&quot;, &quot;Lucida Grande&quot;, Helvetica, Arial, sans-serif; font-size: 14px; font-weight: 400;\">Aujourd&rsquo;hui, Emmanuel est \u00e0 la direction commerciale du groupe&nbsp;<\/span>\n                      <a\n                        href=\"https:\/\/www.linkedin.com\/company\/actua-agence-emploi\" style=\"color: var(--color-action); font-family: -apple-system, system-ui, BlinkMacSystemFont, &quot;Segoe UI&quot;, Roboto, &quot;Helvetica Neue&quot;, &quot;Fira Sans&quot;, Ubuntu, Oxygen, &quot;Oxygen Sans&quot;, Cantarell, &quot;Droid Sans&quot;, &quot;Apple Color Emoji&quot;, &quot;Segoe UI Emoji&quot;, &quot;Segoe UI Emoji&quot;, &quot;Segoe UI Symbol&quot;, &quot;Lucida Grande&quot;, Helvetica, Arial, sans-serif; font-size: 14px; font-weight: 400;\">ACTUA Agences d&#8217;emploi<\/a><span style=\"color: rgba(0, 0, 0, 0.9); font-family: -apple-system, system-ui, BlinkMacSystemFont, &quot;Segoe UI&quot;, Roboto, &quot;Helvetica Neue&quot;, &quot;Fira Sans&quot;, Ubuntu, Oxygen, &quot;Oxygen Sans&quot;, Cantarell, &quot;Droid Sans&quot;, &quot;Apple Color Emoji&quot;, &quot;Segoe UI Emoji&quot;, &quot;Segoe UI Emoji&quot;, &quot;Segoe UI Symbol&quot;, &quot;Lucida Grande&quot;, Helvetica, Arial, sans-serif; font-size: 14px; font-weight: 400;\">, o\u00f9 il exerce son activit\u00e9 dans le secteur du recrutement. Emmanuel a d&rsquo;abord particip\u00e9 au concours&nbsp;<\/span>\n                        <a\n                          href=\"https:\/\/www.linkedin.com\/company\/les-negociales\" style=\"color: var(--color-action); font-family: -apple-system, system-ui, BlinkMacSystemFont, &quot;Segoe UI&quot;, Roboto, &quot;Helvetica Neue&quot;, &quot;Fira Sans&quot;, Ubuntu, Oxygen, &quot;Oxygen Sans&quot;, Cantarell, &quot;Droid Sans&quot;, &quot;Apple Color Emoji&quot;, &quot;Segoe UI Emoji&quot;, &quot;Segoe UI Emoji&quot;, &quot;Segoe UI Symbol&quot;, &quot;Lucida Grande&quot;, Helvetica, Arial, sans-serif; font-size: 14px; font-weight: 400;\">Les N\u00e9gociales<\/a><span style=\"color: rgba(0, 0, 0, 0.9); font-family: -apple-system, system-ui, BlinkMacSystemFont, &quot;Segoe UI&quot;, Roboto, &quot;Helvetica Neue&quot;, &quot;Fira Sans&quot;, Ubuntu, Oxygen, &quot;Oxygen Sans&quot;, Cantarell, &quot;Droid Sans&quot;, &quot;Apple Color Emoji&quot;, &quot;Segoe UI Emoji&quot;, &quot;Segoe UI Emoji&quot;, &quot;Segoe UI Symbol&quot;, &quot;Lucida Grande&quot;, Helvetica, Arial, sans-serif; font-size: 14px; font-weight: 400;\">&nbsp;en tant qu&rsquo;\u00e9tudiant puis, \u00e0 la fin de ses \u00e9tudes, sa participation s&rsquo;est faite en tant que professionnel. Aujourd&rsquo;hui, Emmanuel accompagne le concours comme partenaire.<\/span><\/p>\n                    <p><span style=\"font-weight: 400; color: rgba(0, 0, 0, 0.9); font-family: -apple-system, system-ui, BlinkMacSystemFont, &quot;Segoe UI&quot;, Roboto, &quot;Helvetica Neue&quot;, &quot;Fira Sans&quot;, Ubuntu, Oxygen, &quot;Oxygen Sans&quot;, Cantarell, &quot;Droid Sans&quot;, &quot;Apple Color Emoji&quot;, &quot;Segoe UI Emoji&quot;, &quot;Segoe UI Emoji&quot;, &quot;Segoe UI Symbol&quot;, &quot;Lucida Grande&quot;, Helvetica, Arial, sans-serif; font-size: 14px;\">Repartir dans la comp\u00e9tition &#8211; qu&rsquo;il connait tr\u00e8s bien &#8211; est pour lui le moyen de se tester \u00e0 nouveau et de toujours se remettre en question. Il est difficile d&rsquo;accepter la critique et d&rsquo;\u00eatre \u00e9valu\u00e9 lorsqu&rsquo;on est professionnel mais Emmanuel a trouv\u00e9 que ce challenge \u00e9tait un bon moyen de remettre les compteurs \u00e0 0. Cette finale du 24 mars va \u00eatre pour lui un double enjeu. Venir comme partenaire du concours + candidat de cette \u00e9dition professionnelle. Un gros challenge qu&rsquo;il est pr\u00eat \u00e0 relever!<\/span><\/p>\n                    <p>\n                      <br>\n                    <\/p>\n                  <\/div>\n                <\/div>\n              <\/div>\n            <\/div>\n          <\/div>\n        <\/div>\n      <\/div>\n    <\/div>\n  <\/div>\n<\/div>","protected":false},"excerpt":{"rendered":"<p>quatri\u00e8me finaliste et premier des phases qualificatives Emmanuel ESTEBAN Emmanuel a d\u00e9but\u00e9 son parcours \u00e9tudiant dans un programme de masters Grandes Ecoles \u00e0 Montpellier en alternance chez LVMH. Il a ensuite poursuivi sa carri\u00e8re chez Dyson avant d&rsquo;int\u00e9grer l&rsquo;entreprise Petit Forestier o\u00f9 il a su d\u00e9velopper sa carri\u00e8re comme directeur de site pendant 18 mois, [&hellip;]<\/p>\n","protected":false},"author":1,"featured_media":0,"parent":0,"menu_order":0,"comment_status":"closed","ping_status":"closed","template":"page-templates\/full-width-page.php","meta":{"footnotes":""},"class_list":["post-1936","page","type-page","status-publish","hentry"],"_links":{"self":[{"href":"https:\/\/lesnegocialesprofessionnels.com\/index.php\/wp-json\/wp\/v2\/pages\/1936","targetHints":{"allow":["GET"]}}],"collection":[{"href":"https:\/\/lesnegocialesprofessionnels.com\/index.php\/wp-json\/wp\/v2\/pages"}],"about":[{"href":"https:\/\/lesnegocialesprofessionnels.com\/index.php\/wp-json\/wp\/v2\/types\/page"}],"author":[{"embeddable":true,"href":"https:\/\/lesnegocialesprofessionnels.com\/index.php\/wp-json\/wp\/v2\/users\/1"}],"replies":[{"embeddable":true,"href":"https:\/\/lesnegocialesprofessionnels.com\/index.php\/wp-json\/wp\/v2\/comments?post=1936"}],"version-history":[{"count":2,"href":"https:\/\/lesnegocialesprofessionnels.com\/index.php\/wp-json\/wp\/v2\/pages\/1936\/revisions"}],"predecessor-version":[{"id":1959,"href":"https:\/\/lesnegocialesprofessionnels.com\/index.php\/wp-json\/wp\/v2\/pages\/1936\/revisions\/1959"}],"wp:attachment":[{"href":"https:\/\/lesnegocialesprofessionnels.com\/index.php\/wp-json\/wp\/v2\/media?parent=1936"}],"curies":[{"name":"wp","href":"https:\/\/api.w.org\/{rel}","templated":true}]}}

<div data-colibri-id="1936-c1" class="style-1578 style-local-1936-c1 position-relative">
  <!---->
  <div data-colibri-component="section" data-colibri-id="1936-c6" id="content" class="h-section h-section-global-spacing d-flex align-items-lg-center align-items-md-center align-items-center style-1583 style-local-1936-c6 h-overflow-hidden position-relative">
    <!---->
    <!---->
    <div class="h-section-grid-container h-section-fluid-container">
      <!---->
      <div data-colibri-id="1936-c7" class="h-row-container gutters-row-lg-0 gutters-row-md-0 gutters-row-2 gutters-row-v-lg-0 gutters-row-v-md-0 gutters-row-v-2 style-1584 style-local-1936-c7 position-relative">
        <!---->
        <div class="h-row justify-content-lg-center justify-content-md-center justify-content-center align-items-lg-stretch align-items-md-stretch align-items-stretch gutters-col-lg-0 gutters-col-md-0 gutters-col-2 gutters-col-v-lg-0 gutters-col-v-md-0 gutters-col-v-2">
          <!---->
          <div class="h-column h-column-container d-flex h-col-lg-auto h-col-md-auto h-col-auto style-1585-outer style-local-1936-c8-outer">
            <div data-colibri-id="1936-c8" class="d-flex h-flex-basis h-column__inner h-ui-empty-state-container h-px-lg-0 h-px-md-0 h-px-0 v-inner-lg-0 v-inner-md-0 v-inner-0 style-1585 style-local-1936-c8 position-relative">
              <!---->
              <!---->
              <div class="w-100 h-y-container h-column__content h-column__v-align flex-basis-100">
                <!---->
              </div>
            </div>
          </div>
          <div class="h-column h-column-container d-flex h-col-lg-auto h-col-md-auto h-col-auto style-1586-outer style-local-1936-c9-outer">
            <div data-colibri-id="1936-c9" class="d-flex h-flex-basis h-column__inner h-px-lg-0 h-px-md-0 h-px-0 v-inner-lg-0 v-inner-md-0 v-inner-0 style-1586 style-local-1936-c9 position-relative">
              <!---->
              <!---->
              <div class="w-100 h-y-container h-column__content h-column__v-align flex-basis-100 align-self-lg-start align-self-md-start align-self-start">
                <!---->
                <div data-colibri-id="1936-c10" class="h-global-transition-all h-heading style-1587 style-local-1936-c10 position-relative h-element">
                  <!---->
                  <div class="h-heading__outer style-1587 style-local-1936-c10">
                    <!---->
                    <!---->
                    <h4 class="">quatrième finaliste et premier des phases qualificatives</h4>
                  </div>
                </div>
                <div data-colibri-id="1936-c11" class="h-global-transition-all h-heading style-1588 style-local-1936-c11 position-relative h-element">
                  <!---->
                  <div class="h-heading__outer style-1588 style-local-1936-c11">
                    <!---->
                    <!---->
                    <h2 class="">Emmanuel ESTEBAN</h2>
                  </div>
                </div>
                <div data-colibri-id="1936-c12" class="h-text h-text-component style-1589 style-local-1936-c12 position-relative h-element">
                  <!---->
                  <!---->
                  <div class="">
                    <p><span style="color: rgba(0, 0, 0, 0.9); font-family: -apple-system, system-ui, BlinkMacSystemFont, &quot;Segoe UI&quot;, Roboto, &quot;Helvetica Neue&quot;, &quot;Fira Sans&quot;, Ubuntu, Oxygen, &quot;Oxygen Sans&quot;, Cantarell, &quot;Droid Sans&quot;, &quot;Apple Color Emoji&quot;, &quot;Segoe UI Emoji&quot;, &quot;Segoe UI Emoji&quot;, &quot;Segoe UI Symbol&quot;, &quot;Lucida Grande&quot;, Helvetica, Arial, sans-serif; font-size: 14px; font-weight: 400;">Emmanuel a débuté son parcours étudiant dans un programme de masters Grandes Ecoles à Montpellier en alternance chez LVMH. Il a ensuite poursuivi sa carrière chez Dyson avant d&rsquo;intégrer l&rsquo;entreprise Petit Forestier où il a su développer sa carrière comme directeur de site pendant 18 mois, dont 4 à Dublin.</span></p>
                    <p><span style="color: rgba(0, 0, 0, 0.9); font-family: -apple-system, system-ui, BlinkMacSystemFont, &quot;Segoe UI&quot;, Roboto, &quot;Helvetica Neue&quot;, &quot;Fira Sans&quot;, Ubuntu, Oxygen, &quot;Oxygen Sans&quot;, Cantarell, &quot;Droid Sans&quot;, &quot;Apple Color Emoji&quot;, &quot;Segoe UI Emoji&quot;, &quot;Segoe UI Emoji&quot;, &quot;Segoe UI Symbol&quot;, &quot;Lucida Grande&quot;, Helvetica, Arial, sans-serif; font-size: 14px; font-weight: 400;">Aujourd&rsquo;hui, Emmanuel est à la direction commerciale du groupe&nbsp;</span>
                      <a
                        href="https://www.linkedin.com/company/actua-agence-emploi" style="color: var(--color-action); font-family: -apple-system, system-ui, BlinkMacSystemFont, &quot;Segoe UI&quot;, Roboto, &quot;Helvetica Neue&quot;, &quot;Fira Sans&quot;, Ubuntu, Oxygen, &quot;Oxygen Sans&quot;, Cantarell, &quot;Droid Sans&quot;, &quot;Apple Color Emoji&quot;, &quot;Segoe UI Emoji&quot;, &quot;Segoe UI Emoji&quot;, &quot;Segoe UI Symbol&quot;, &quot;Lucida Grande&quot;, Helvetica, Arial, sans-serif; font-size: 14px; font-weight: 400;">ACTUA Agences d&#8217;emploi</a><span style="color: rgba(0, 0, 0, 0.9); font-family: -apple-system, system-ui, BlinkMacSystemFont, &quot;Segoe UI&quot;, Roboto, &quot;Helvetica Neue&quot;, &quot;Fira Sans&quot;, Ubuntu, Oxygen, &quot;Oxygen Sans&quot;, Cantarell, &quot;Droid Sans&quot;, &quot;Apple Color Emoji&quot;, &quot;Segoe UI Emoji&quot;, &quot;Segoe UI Emoji&quot;, &quot;Segoe UI Symbol&quot;, &quot;Lucida Grande&quot;, Helvetica, Arial, sans-serif; font-size: 14px; font-weight: 400;">, où il exerce son activité dans le secteur du recrutement. Emmanuel a d&rsquo;abord participé au concours&nbsp;</span>
                        <a
                          href="https://www.linkedin.com/company/les-negociales" style="color: var(--color-action); font-family: -apple-system, system-ui, BlinkMacSystemFont, &quot;Segoe UI&quot;, Roboto, &quot;Helvetica Neue&quot;, &quot;Fira Sans&quot;, Ubuntu, Oxygen, &quot;Oxygen Sans&quot;, Cantarell, &quot;Droid Sans&quot;, &quot;Apple Color Emoji&quot;, &quot;Segoe UI Emoji&quot;, &quot;Segoe UI Emoji&quot;, &quot;Segoe UI Symbol&quot;, &quot;Lucida Grande&quot;, Helvetica, Arial, sans-serif; font-size: 14px; font-weight: 400;">Les Négociales</a><span style="color: rgba(0, 0, 0, 0.9); font-family: -apple-system, system-ui, BlinkMacSystemFont, &quot;Segoe UI&quot;, Roboto, &quot;Helvetica Neue&quot;, &quot;Fira Sans&quot;, Ubuntu, Oxygen, &quot;Oxygen Sans&quot;, Cantarell, &quot;Droid Sans&quot;, &quot;Apple Color Emoji&quot;, &quot;Segoe UI Emoji&quot;, &quot;Segoe UI Emoji&quot;, &quot;Segoe UI Symbol&quot;, &quot;Lucida Grande&quot;, Helvetica, Arial, sans-serif; font-size: 14px; font-weight: 400;">&nbsp;en tant qu&rsquo;étudiant puis, à la fin de ses études, sa participation s&rsquo;est faite en tant que professionnel. Aujourd&rsquo;hui, Emmanuel accompagne le concours comme partenaire.</span></p>
                    <p><span style="font-weight: 400; color: rgba(0, 0, 0, 0.9); font-family: -apple-system, system-ui, BlinkMacSystemFont, &quot;Segoe UI&quot;, Roboto, &quot;Helvetica Neue&quot;, &quot;Fira Sans&quot;, Ubuntu, Oxygen, &quot;Oxygen Sans&quot;, Cantarell, &quot;Droid Sans&quot;, &quot;Apple Color Emoji&quot;, &quot;Segoe UI Emoji&quot;, &quot;Segoe UI Emoji&quot;, &quot;Segoe UI Symbol&quot;, &quot;Lucida Grande&quot;, Helvetica, Arial, sans-serif; font-size: 14px;">Repartir dans la compétition &#8211; qu&rsquo;il connait très bien &#8211; est pour lui le moyen de se tester à nouveau et de toujours se remettre en question. Il est difficile d&rsquo;accepter la critique et d&rsquo;être évalué lorsqu&rsquo;on est professionnel mais Emmanuel a trouvé que ce challenge était un bon moyen de remettre les compteurs à 0. Cette finale du 24 mars va être pour lui un double enjeu. Venir comme partenaire du concours + candidat de cette édition professionnelle. Un gros challenge qu&rsquo;il est prêt à relever!</span></p>
                    <p>
                      <br>
                    </p>
                  </div>
                </div>
              </div>
            </div>
          </div>
        </div>
      </div>
    </div>
  </div>
</div>

<p>quatrième finaliste et premier des phases qualificatives Emmanuel ESTEBAN Emmanuel a débuté son parcours étudiant dans un programme de masters Grandes Ecoles à Montpellier en alternance chez LVMH. Il a ensuite poursuivi sa carrière chez Dyson avant d&rsquo;intégrer l&rsquo;entreprise Petit Forestier où il a su développer sa carrière comme directeur de site pendant 18 mois, [&hellip;]</p>
