{"id":389,"date":"2021-11-04T10:13:46","date_gmt":"2021-11-04T09:13:46","guid":{"rendered":"http:\/\/lesnegocialesprofessionnels.com\/?page_id=389"},"modified":"2021-11-04T15:30:04","modified_gmt":"2021-11-04T14:30:04","slug":"conditions-generales","status":"publish","type":"page","link":"https:\/\/lesnegocialesprofessionnels.com\/index.php\/conditions-generales\/","title":{"rendered":"Conditions g\u00e9n\u00e9rales d&rsquo;utilisation"},"content":{"rendered":"\n<div style=\"height:30px\" aria-hidden=\"true\" class=\"wp-block-spacer\"><\/div>\n\n\n\n<h2 class=\"wp-block-heading\">Conditions g\u00e9n\u00e9rales d&rsquo;utilisation<\/h2>\n\n\n\n<div style=\"height:30px\" aria-hidden=\"true\" class=\"wp-block-spacer\"><\/div>\n\n\n\n<p class=\"has-text-align-center wp-block-paragraph\">Les pr\u00e9sentes conditions g\u00e9n\u00e9rales r\u00e9gissent l\u2019utilisation de ce site :<br><a href=\"https:\/\/lesnegocialesprofessionnels.com\/\">www.lesnegocialesprofessionnels.com<\/a><\/p>\n\n\n\n<p class=\"has-text-align-center wp-block-paragraph\"><br>Ce site appartient et est g\u00e9r\u00e9 par <strong>Les N\u00e9gociales<\/strong>.<\/p>\n\n\n\n<p class=\"has-text-align-center wp-block-paragraph\"><br>En utilisant ce site, vous indiquez que vous avez lu et compris les conditions d\u2019utilisation et<br>que vous acceptez de les respecter en tout temps.<\/p>\n\n\n\n<p class=\"has-text-align-center wp-block-paragraph\"><br>Type de site : Informatif avec formulaires d&rsquo;inscription et de contact.<\/p>\n\n\n\n<p class=\"wp-block-paragraph\"><\/p>\n\n\n\n<p class=\"has-medium-font-size wp-block-paragraph\"><strong>PROPRIETE INTELECTUELLE<\/strong><\/p>\n\n\n\n<p class=\"wp-block-paragraph\">Tout contenu publi\u00e9 et mis \u00e0 disposition sur ce site est la propri\u00e9t\u00e9 de Les N\u00e9gociales et de ses cr\u00e9ateurs. Cela comprend, mais n\u2019est pas limit\u00e9 aux images, textes, logos, documents, fichiers t\u00e9l\u00e9chargeables et tout ce qui contribue \u00e0 la composition de ce site.<\/p>\n\n\n\n<p class=\"has-medium-font-size wp-block-paragraph\"><strong>VENTES DE BIENS ET DE SERVICES<\/strong><\/p>\n\n\n\n<p class=\"wp-block-paragraph\">Ce document r\u00e9git la vente des services mis \u00e0 disposition sur notre site.<br>Les services que nous offrons comprennent :<br><strong>La participation \u00e0 un concours<\/strong><\/p>\n\n\n\n<p class=\"wp-block-paragraph\">Les services li\u00e9s \u00e0 ce document sont les services qui sont affich\u00e9s sur notre site au moment o\u00f9 vous y acc\u00e9dez. Toutes les informations, descriptions ou images que nous fournissons sur nos services sont d\u00e9crites et pr\u00e9sent\u00e9es avec la plus grande pr\u00e9cision possible.<br>Cependant, nous ne sommes pas l\u00e9galement tenus par ces informations, descriptions ou images car nous ne pouvons pas garantir l\u2019exactitude de chaque produit ou service que nous fournissons. Vous acceptez d\u2019acheter ces services \u00e0 vos propres risques.<\/p>\n\n\n\n<p class=\"has-medium-font-size wp-block-paragraph\"><strong>PAIEMENTS<\/strong><\/p>\n\n\n\n<p class=\"wp-block-paragraph\">Nous acceptons les modes de paiement suivants sur ce site :<\/p>\n\n\n\n<p class=\"wp-block-paragraph\"><strong>Carte bancaire<br><\/strong>Lorsque vous nous fournissez vos renseignements de paiement, vous nous confirmez que vous avez autoris\u00e9 l\u2019utilisation et l\u2019acc\u00e8s \u00e0 l\u2019instrument de paiement que vous avez choisi d\u2019utiliser. En nous fournissant vos d\u00e9tails de paiement, vous confirmez que vous nous autorisez \u00e0 facturer le montant d\u00fb \u00e0 cet instrument de paiement.<\/p>\n\n\n\n<p class=\"wp-block-paragraph\">Si nous estimons que votre paiement a viol\u00e9 une loi ou l\u2019une de nos conditions d\u2019utilisation, nous nous r\u00e9servons le droit d\u2019annuler votre transaction.<\/p>\n\n\n\n<p class=\"has-medium-font-size wp-block-paragraph\"><strong>LIMITATION DE RESPONSABILITE<\/strong><\/p>\n\n\n\n<p class=\"wp-block-paragraph\">Les N\u00e9gociales ou l\u2019un de ses employ\u00e9s sera tenu responsable de tout probl\u00e8me d\u00e9coulant de ce site. N\u00e9anmoins, Les N\u00e9gociales et ses employ\u00e9s ne seront pas tenus responsables de tout probl\u00e8me d\u00e9coulant de toute utilisation irr\u00e9guli\u00e8re de ce site.<\/p>\n\n\n\n<p class=\"has-medium-font-size wp-block-paragraph\"><strong>INDEMNITE<\/strong><\/p>\n\n\n\n<p class=\"wp-block-paragraph\">En tant qu\u2019utilisateur, vous indemnisez par les pr\u00e9sentes Les N\u00e9gociales de toute responsabilit\u00e9, de tout co\u00fbt, de toute cause d\u2019action, de tout dommage ou de toute d\u00e9pense d\u00e9coulant de votre utilisation de ce site ou de votre violation de l\u2019une des dispositions \u00e9nonc\u00e9es dans le pr\u00e9sent document.<\/p>\n\n\n\n<p class=\"has-medium-font-size wp-block-paragraph\"><strong>LOIS APPLICABLES<\/strong><\/p>\n\n\n\n<p class=\"wp-block-paragraph\">Ce document est soumis aux lois applicables en France et vise \u00e0 se conformer \u00e0 ses r\u00e8gles et r\u00e8glements n\u00e9cessaires. Cela inclut la r\u00e9glementation \u00e0 l\u2019\u00e9chelle de l\u2019UE \u00e9nonc\u00e9e dans le RGPD.<\/p>\n\n\n\n<p class=\"has-medium-font-size wp-block-paragraph\"><strong>DIVISIBILITE<\/strong><\/p>\n\n\n\n<p class=\"wp-block-paragraph\">Si, \u00e0 tout moment, l\u2019une des dispositions \u00e9nonc\u00e9es dans le pr\u00e9sent document est jug\u00e9e incompatible ou invalide en vertu des lois applicables, ces dispositions seront consid\u00e9r\u00e9es comme nulles et seront retir\u00e9es du pr\u00e9sent document. Toutes les autres dispositions ne seront pas touch\u00e9es par les lois et le reste du document sera toujours consid\u00e9r\u00e9 comme valide.<\/p>\n\n\n\n<p class=\"has-medium-font-size wp-block-paragraph\"><strong>MODIFICATIONS<\/strong><\/p>\n\n\n\n<p class=\"wp-block-paragraph\">Ces conditions g\u00e9n\u00e9rales peuvent \u00eatre modifi\u00e9es de temps \u00e0 autre afin de maintenir le respect de la loi et de refl\u00e9ter tout changement \u00e0 la fa\u00e7on dont nous g\u00e9rons notre site et la fa\u00e7on dont nous nous attendons \u00e0 ce que les utilisateurs se comportent sur notre site. Nous recommandons \u00e0 nos utilisateurs de v\u00e9rifier ces conditions g\u00e9n\u00e9rales de temps \u00e0 autre pour s\u2019assurer qu\u2019ils sont inform\u00e9s de toute mise \u00e0 jour. Au besoin, nous informerons les utilisateurs par courriel des changements apport\u00e9s \u00e0 ces conditions ou nous afficherons un avis sur notre site.<\/p>\n\n\n\n<p class=\"has-medium-font-size wp-block-paragraph\"><strong>CONTACT<\/strong><\/p>\n\n\n\n<p class=\"wp-block-paragraph\">Veuillez communiquer avec nous si vous avez des questions ou des pr\u00e9occupations. Nos coordonn\u00e9es sont les suivantes :<br>Num\u00e9ro de t\u00e9l\u00e9phone : 03 83 30 75 84<br>Adresse e-mail : mail@lesnegociales.com<br>Adresse postale : 38 rue de Boudonville, 54000, Nancy<\/p>\n\n\n\n<p class=\"wp-block-paragraph\"><br><em>Date d&rsquo;entr\u00e9e en vigueur : le 3 novembre 2021.<\/em><\/p>\n","protected":false},"excerpt":{"rendered":"<p>Conditions g\u00e9n\u00e9rales d&rsquo;utilisation Les pr\u00e9sentes conditions g\u00e9n\u00e9rales r\u00e9gissent l\u2019utilisation de ce site :www.lesnegocialesprofessionnels.com Ce site appartient et est g\u00e9r\u00e9 par Les N\u00e9gociales. En utilisant ce site, vous indiquez que vous avez lu et compris les conditions d\u2019utilisation etque vous acceptez de les respecter en tout temps. Type de site : Informatif avec formulaires d&rsquo;inscription et [&hellip;]<\/p>\n","protected":false},"author":1,"featured_media":0,"parent":0,"menu_order":0,"comment_status":"closed","ping_status":"closed","template":"","meta":{"footnotes":""},"class_list":["post-389","page","type-page","status-publish","hentry"],"_links":{"self":[{"href":"https:\/\/lesnegocialesprofessionnels.com\/index.php\/wp-json\/wp\/v2\/pages\/389","targetHints":{"allow":["GET"]}}],"collection":[{"href":"https:\/\/lesnegocialesprofessionnels.com\/index.php\/wp-json\/wp\/v2\/pages"}],"about":[{"href":"https:\/\/lesnegocialesprofessionnels.com\/index.php\/wp-json\/wp\/v2\/types\/page"}],"author":[{"embeddable":true,"href":"https:\/\/lesnegocialesprofessionnels.com\/index.php\/wp-json\/wp\/v2\/users\/1"}],"replies":[{"embeddable":true,"href":"https:\/\/lesnegocialesprofessionnels.com\/index.php\/wp-json\/wp\/v2\/comments?post=389"}],"version-history":[{"count":3,"href":"https:\/\/lesnegocialesprofessionnels.com\/index.php\/wp-json\/wp\/v2\/pages\/389\/revisions"}],"predecessor-version":[{"id":479,"href":"https:\/\/lesnegocialesprofessionnels.com\/index.php\/wp-json\/wp\/v2\/pages\/389\/revisions\/479"}],"wp:attachment":[{"href":"https:\/\/lesnegocialesprofessionnels.com\/index.php\/wp-json\/wp\/v2\/media?parent=389"}],"curies":[{"name":"wp","href":"https:\/\/api.w.org\/{rel}","templated":true}]}}

Conditions générales d&rsquo;utilisation

<div style="height:30px" aria-hidden="true" class="wp-block-spacer"></div>



<h2 class="wp-block-heading">Conditions générales d&rsquo;utilisation</h2>



<div style="height:30px" aria-hidden="true" class="wp-block-spacer"></div>



<p class="has-text-align-center wp-block-paragraph">Les présentes conditions générales régissent l’utilisation de ce site :<br><a href="https://lesnegocialesprofessionnels.com/">www.lesnegocialesprofessionnels.com</a></p>



<p class="has-text-align-center wp-block-paragraph"><br>Ce site appartient et est géré par <strong>Les Négociales</strong>.</p>



<p class="has-text-align-center wp-block-paragraph"><br>En utilisant ce site, vous indiquez que vous avez lu et compris les conditions d’utilisation et<br>que vous acceptez de les respecter en tout temps.</p>



<p class="has-text-align-center wp-block-paragraph"><br>Type de site : Informatif avec formulaires d&rsquo;inscription et de contact.</p>



<p class="wp-block-paragraph"></p>



<p class="has-medium-font-size wp-block-paragraph"><strong>PROPRIETE INTELECTUELLE</strong></p>



<p class="wp-block-paragraph">Tout contenu publié et mis à disposition sur ce site est la propriété de Les Négociales et de ses créateurs. Cela comprend, mais n’est pas limité aux images, textes, logos, documents, fichiers téléchargeables et tout ce qui contribue à la composition de ce site.</p>



<p class="has-medium-font-size wp-block-paragraph"><strong>VENTES DE BIENS ET DE SERVICES</strong></p>



<p class="wp-block-paragraph">Ce document régit la vente des services mis à disposition sur notre site.<br>Les services que nous offrons comprennent :<br><strong>La participation à un concours</strong></p>



<p class="wp-block-paragraph">Les services liés à ce document sont les services qui sont affichés sur notre site au moment où vous y accédez. Toutes les informations, descriptions ou images que nous fournissons sur nos services sont décrites et présentées avec la plus grande précision possible.<br>Cependant, nous ne sommes pas légalement tenus par ces informations, descriptions ou images car nous ne pouvons pas garantir l’exactitude de chaque produit ou service que nous fournissons. Vous acceptez d’acheter ces services à vos propres risques.</p>



<p class="has-medium-font-size wp-block-paragraph"><strong>PAIEMENTS</strong></p>



<p class="wp-block-paragraph">Nous acceptons les modes de paiement suivants sur ce site :</p>



<p class="wp-block-paragraph"><strong>Carte bancaire<br></strong>Lorsque vous nous fournissez vos renseignements de paiement, vous nous confirmez que vous avez autorisé l’utilisation et l’accès à l’instrument de paiement que vous avez choisi d’utiliser. En nous fournissant vos détails de paiement, vous confirmez que vous nous autorisez à facturer le montant dû à cet instrument de paiement.</p>



<p class="wp-block-paragraph">Si nous estimons que votre paiement a violé une loi ou l’une de nos conditions d’utilisation, nous nous réservons le droit d’annuler votre transaction.</p>



<p class="has-medium-font-size wp-block-paragraph"><strong>LIMITATION DE RESPONSABILITE</strong></p>



<p class="wp-block-paragraph">Les Négociales ou l’un de ses employés sera tenu responsable de tout problème découlant de ce site. Néanmoins, Les Négociales et ses employés ne seront pas tenus responsables de tout problème découlant de toute utilisation irrégulière de ce site.</p>



<p class="has-medium-font-size wp-block-paragraph"><strong>INDEMNITE</strong></p>



<p class="wp-block-paragraph">En tant qu’utilisateur, vous indemnisez par les présentes Les Négociales de toute responsabilité, de tout coût, de toute cause d’action, de tout dommage ou de toute dépense découlant de votre utilisation de ce site ou de votre violation de l’une des dispositions énoncées dans le présent document.</p>



<p class="has-medium-font-size wp-block-paragraph"><strong>LOIS APPLICABLES</strong></p>



<p class="wp-block-paragraph">Ce document est soumis aux lois applicables en France et vise à se conformer à ses règles et règlements nécessaires. Cela inclut la réglementation à l’échelle de l’UE énoncée dans le RGPD.</p>



<p class="has-medium-font-size wp-block-paragraph"><strong>DIVISIBILITE</strong></p>



<p class="wp-block-paragraph">Si, à tout moment, l’une des dispositions énoncées dans le présent document est jugée incompatible ou invalide en vertu des lois applicables, ces dispositions seront considérées comme nulles et seront retirées du présent document. Toutes les autres dispositions ne seront pas touchées par les lois et le reste du document sera toujours considéré comme valide.</p>



<p class="has-medium-font-size wp-block-paragraph"><strong>MODIFICATIONS</strong></p>



<p class="wp-block-paragraph">Ces conditions générales peuvent être modifiées de temps à autre afin de maintenir le respect de la loi et de refléter tout changement à la façon dont nous gérons notre site et la façon dont nous nous attendons à ce que les utilisateurs se comportent sur notre site. Nous recommandons à nos utilisateurs de vérifier ces conditions générales de temps à autre pour s’assurer qu’ils sont informés de toute mise à jour. Au besoin, nous informerons les utilisateurs par courriel des changements apportés à ces conditions ou nous afficherons un avis sur notre site.</p>



<p class="has-medium-font-size wp-block-paragraph"><strong>CONTACT</strong></p>



<p class="wp-block-paragraph">Veuillez communiquer avec nous si vous avez des questions ou des préoccupations. Nos coordonnées sont les suivantes :<br>Numéro de téléphone : 03 83 30 75 84<br>Adresse e-mail : mail@lesnegociales.com<br>Adresse postale : 38 rue de Boudonville, 54000, Nancy</p>



<p class="wp-block-paragraph"><br><em>Date d&rsquo;entrée en vigueur : le 3 novembre 2021.</em></p>

<p>Conditions générales d&rsquo;utilisation Les présentes conditions générales régissent l’utilisation de ce site :www.lesnegocialesprofessionnels.com Ce site appartient et est géré par Les Négociales. En utilisant ce site, vous indiquez que vous avez lu et compris les conditions d’utilisation etque vous acceptez de les respecter en tout temps. Type de site : Informatif avec formulaires d&rsquo;inscription et [&hellip;]</p>
